{"id":2360,"date":"2025-01-19T23:44:50","date_gmt":"2025-01-20T04:44:50","guid":{"rendered":"https:\/\/menthorclass.com\/?post_type=product&#038;p=2360"},"modified":"2025-02-17T04:40:58","modified_gmt":"2025-02-17T09:40:58","slug":"analisis-de-estabilidad-de-taludes-para-estudio-de-mecanica-de-suelos","status":"publish","type":"product","link":"https:\/\/menthorclass.com\/index.php\/product\/analisis-de-estabilidad-de-taludes-para-estudio-de-mecanica-de-suelos\/","title":{"rendered":"AN\u00c1LISIS DE ESTABILIDAD DE TALUDES PARA ESTUDIO DE MEC\u00c1NICA DE SUELOS"},"content":{"rendered":"<p>Este curso est\u00e1 dirigido a estudiantes y profesionales de la ingenier\u00eda civil, principalmente del \u00e1rea de construcci\u00f3n, pavimentos y geotecnia, que deseen ampliar sus competencias en el uso de software de an\u00e1lisis de estabilidad\u00a0de\u00a0taludes.<\/p>\n<p>Objetivos del curso:<\/p>\n<ul>\n<li>Representar de manera conceptual un problema de estabilidad de taludes dentro de un software geot\u00e9cnico.<\/li>\n<li>Identificar las principales caracter\u00edsticas geot\u00e9cnicas de los materiales involucrados en el an\u00e1lisis.<\/li>\n<li>Evaluar la estabilidad de taludes en funci\u00f3n de los principales criterios de dise\u00f1o establecidos en la pr\u00e1ctica profesional.<\/li>\n<li>Realizar consultas y an\u00e1lisis probabil\u00edsticos a un modelo geot\u00e9cnico de estabilidad de taludes.<\/li>\n<li>Dise\u00f1ar medidas de sostenimiento, remediaci\u00f3n y estabilizaci\u00f3n para taludes.<\/li>\n<\/ul>\n","protected":false},"excerpt":{"rendered":"<p>Este curso est\u00e1 dirigido a estudiantes y profesionales de la ingenier\u00eda civil, principalmente del \u00e1rea de construcci\u00f3n, pavimentos y geotecnia, [&hellip;]<\/p>\n","protected":false},"featured_media":2417,"comment_status":"open","ping_status":"closed","template":"","meta":{"_acf_changed":false,"site-sidebar-layout":"default","site-content-layout":"","ast-site-content-layout":"default","site-content-style":"default","site-sidebar-style":"default","ast-global-header-display":"","ast-banner-title-visibility":"","ast-main-header-display":"","ast-hfb-above-header-display":"","ast-hfb-below-header-display":"","ast-hfb-mobile-header-display":"","site-post-title":"","ast-breadcrumbs-content":"","ast-featured-img":"","footer-sml-layout":"","theme-transparent-header-meta":"default","adv-header-id-meta":"","stick-header-meta":"","header-above-stick-meta":"","header-main-stick-meta":"","header-below-stick-meta":"","astra-migrate-meta-layouts":"set","ast-page-background-enabled":"default","ast-page-background-meta":{"desktop":{"background-color":"var(--ast-global-color-4)","background-image":"","background-repeat":"repeat","background-position":"center center","background-size":"auto","background-attachment":"scroll","background-type":"","background-media":"","overlay-type":"","overlay-color":"","overlay-gradient":""},"tablet":{"background-color":"","background-image":"","background-repeat":"repeat","background-position":"center center","background-size":"auto","background-attachment":"scroll","background-type":"","background-media":"","overlay-type":"","overlay-color":"","overlay-gradient":""},"mobile":{"background-color":"","background-image":"","background-repeat":"repeat","background-position":"center center","background-size":"auto","background-attachment":"scroll","background-type":"","background-media":"","overlay-type":"","overlay-color":"","overlay-gradient":""}},"ast-content-background-meta":{"desktop":{"background-color":"var(--ast-global-color-5)","background-image":"","background-repeat":"repeat","background-position":"center center","background-size":"auto","background-attachment":"scroll","background-type":"","background-media":"","overlay-type":"","overlay-color":"","overlay-gradient":""},"tablet":{"background-color":"var(--ast-global-color-5)","background-image":"","background-repeat":"repeat","background-position":"center center","background-size":"auto","background-attachment":"scroll","background-type":"","background-media":"","overlay-type":"","overlay-color":"","overlay-gradient":""},"mobile":{"background-color":"var(--ast-global-color-5)","background-image":"","background-repeat":"repeat","background-position":"center center","background-size":"auto","background-attachment":"scroll","background-type":"","background-media":"","overlay-type":"","overlay-color":"","overlay-gradient":""}},"_joinchat":[]},"product_brand":[],"product_cat":[19],"product_tag":[],"class_list":{"0":"post-2360","1":"product","2":"type-product","3":"status-publish","4":"has-post-thumbnail","6":"product_cat-geotecnia","7":"desktop-align-left","8":"tablet-align-left","9":"mobile-align-left","11":"first","12":"instock","13":"virtual","14":"sold-individually","15":"purchasable","16":"product-type-course"},"acf":[],"_links":{"self":[{"href":"https:\/\/menthorclass.com\/index.php\/wp-json\/wp\/v2\/product\/2360","targetHints":{"allow":["GET"]}}],"collection":[{"href":"https:\/\/menthorclass.com\/index.php\/wp-json\/wp\/v2\/product"}],"about":[{"href":"https:\/\/menthorclass.com\/index.php\/wp-json\/wp\/v2\/types\/product"}],"replies":[{"embeddable":true,"href":"https:\/\/menthorclass.com\/index.php\/wp-json\/wp\/v2\/comments?post=2360"}],"version-history":[{"count":4,"href":"https:\/\/menthorclass.com\/index.php\/wp-json\/wp\/v2\/product\/2360\/revisions"}],"predecessor-version":[{"id":2532,"href":"https:\/\/menthorclass.com\/index.php\/wp-json\/wp\/v2\/product\/2360\/revisions\/2532"}],"wp:featuredmedia":[{"embeddable":true,"href":"https:\/\/menthorclass.com\/index.php\/wp-json\/wp\/v2\/media\/2417"}],"wp:attachment":[{"href":"https:\/\/menthorclass.com\/index.php\/wp-json\/wp\/v2\/media?parent=2360"}],"wp:term":[{"taxonomy":"product_brand","embeddable":true,"href":"https:\/\/menthorclass.com\/index.php\/wp-json\/wp\/v2\/product_brand?post=2360"},{"taxonomy":"product_cat","embeddable":true,"href":"https:\/\/menthorclass.com\/index.php\/wp-json\/wp\/v2\/product_cat?post=2360"},{"taxonomy":"product_tag","embeddable":true,"href":"https:\/\/menthorclass.com\/index.php\/wp-json\/wp\/v2\/product_tag?post=2360"}],"curies":[{"name":"wp","href":"https:\/\/api.w.org\/{rel}","templated":true}]}}